 factor of 2520408 and 22.
22
Calculate the greatest common factor of 66411 and 40185.
423
What is the greatest common factor of 520 and 23335?
65
Calculate the highest common divisor of 4149 and 1206.
9
Calculate the greatest common divisor of 7254 and 377.
13
Calculate the highest common factor of 592 and 56.
8
Calculate the highest common factor of 8406 and 951746.
934
What is the greatest common factor of 65520 and 1920?
240
What is the highest common factor of 160 and 36320?
160
Calculate the greatest common factor of 161 and 721602.
161
Calculate the greatest common divisor of 4 and 65444.
4
Calculate the greatest common divisor of 850135 and 1144.
143
What is the greatest common factor of 17228 and 413?
59
Calculate the greatest common factor of 676195 and 505.
505
Calculate the greatest common factor of 2057 and 40647.
17
Calculate the greatest common factor of 882620 and 4.
4
What is the greatest common factor of 112 and 38756?
4
Calculate the greatest common divisor of 314 and 1669067.
157
What is the highest common divisor of 112001 and 47?
47
What is the highest common factor of 5 and 17972?
1
Calculate the highest common divisor of 54 and 5127057.
27
What is the highest common factor of 25774 and 1666?
98
What is the greatest common divisor of 5452 and 6721?
47
What is the highest common divisor of 1510 and 1095354?
302
Calculate the greatest common divisor of 882 and 195342.
42
What is the highest common factor of 81765 and 62015?
395
What is the highest common divisor of 823327 and 323?
323
Calculate the greatest common factor of 4601928 and 24.
24
Calculate the highest common divisor of 432 and 45495.
27
What is the highest common divisor of 12835 and 680?
85
What is the greatest common factor of 3290 and 263670?
470
Calculate the highest common divisor of 505 and 15.
5
Calculate the greatest common factor of 8656 and 7033.
541
Calculate the greatest common divisor of 117 and 82062.
9
What is the greatest common divisor of 1440 and 22860?
180
What is the greatest common factor of 958356 and 252?
252
Calculate the highest common divisor of 757440 and 1520.
80
Calculate the highest common divisor of 460421 and 993.
331
Calculate the greatest common factor of 264 and 2039631.
33
Calculate the greatest common factor of 3261 and 15.
3
Calculate the highest common factor of 11 and 8680628.
11
Calculate the greatest common factor of 174546 and 288.
18
What is the highest common divisor of 13850 and 300?
50
What is the greatest common factor of 864 and 181008?
432
What is the highest common factor of 10638 and 135?
27
What is the greatest common divisor of 9112 and 17?
17
What is the greatest common divisor of 116 and 14836?
4
What is the greatest common divisor of 3264 and 27888?
48
What is the highest common divisor of 14005056 and 24?
24
Calculate the highest common factor of 2688 and 573216.
672
What is the greatest common divisor of 4930 and 1668805?
2465
Calculate the highest common factor of 784 and 532238.
98
What is the highest common divisor of 257584 and 1904?
272
What is the greatest common divisor of 134704 and 592?
16
Calculate the greatest common factor of 571440 and 16.
16
What is the highest common factor of 3267 and 21681?
297
What is the highest common divisor of 27027 and 2877?
21
What is the greatest common factor of 118400 and 440?
40
What is the greatest common factor of 178620 and 1170?
390
Calculate the greatest common factor of 558136 and 16.
8
Calculate the greatest common divisor of 3683 and 17313.
29
Calculate the highest common divisor of 1760811 and 138.
69
Calculate the highest common divisor of 215 and 9466235.
215
What is the highest common divisor of 54886 and 78?
26
What is the highest common divisor of 1900 and 2052?
76
What is the highest common factor of 14805 and 18048?
141
Calculate the highest common divisor of 7509 and 135.
3
What is the highest common factor of 2076 and 1182?
6
Calculate the highest common divisor of 494 and 1443.
13
What is the greatest common factor of 52782 and 190?
38
Calculate the highest common factor of 2916 and 756.
108
Calculate the highest common factor of 70 and 8078.
14
What is the greatest common divisor of 152 and 805049?
19
What is the greatest common factor of 34 and 3682?
2
What is the highest common factor of 1414740 and 12?
12
Calculate the highest common factor of 8008 and 242.
22
What is the highest common factor of 30717 and 45?
9
What is the greatest common divisor of 128578 and 106?
106
What is the greatest common factor of 6 and 95979?
3
What is the greatest common factor of 5170 and 14006?
94
What is the greatest common factor of 252 and 102900?
84
What is the greatest common factor of 28 and 3224942?
14
What is the greatest common divisor of 2358 and 70478?
262
Calculate the highest common factor of 1 and 5911.
1
Calculate the greatest common factor of 3840 and 585.
15
What is the greatest common factor of 35519 and 22?
11
Calculate the highest common factor of 284537 and 44.
11
What is the highest common factor of 42 and 11788?
14
Calculate the highest common divisor of 49977 and 25297.
617
What is the highest common factor of 3861729 and 5466?
2733
What is the highest common factor of 168093 and 855?
171
Calculate the highest common divisor of 39 and 7631.
13
Calculate the greatest common factor of 3280 and 26076.
164
What is the highest common factor of 45 and 971955?
45
Calculate the highest common factor of 2850 and 3648.
114
What is the highest common divisor of 21041 and 120291?
397
What is the greatest common factor of 161256 and 24?
24
What is the greatest common factor of 492 and 285348?
12
What is the greatest common factor of 1640654 and 296?
74
Calculate the greatest common divisor of 2093 and 2457.
91
Calculate the greatest common factor of 4411 and 401.
401
Calculate the greatest common factor of 167066 and 68124.
1622
Calculate the highest common divisor of 1085800 and 75.
25
What is the greatest common divisor of 41500 and 25?
25
Calculate the greatest common divisor of 116496 and 81.
9
Calculate the highest common divisor of 49 and 18068.
1
Calculate the highest common divisor of 1213848 and 408.
24
What is the highest common factor of 4775 and 137138?
191
What is the greatest common factor of 3 and 694998?
3
What is the greatest common divisor of 90 and 23022?
18
Calculate the greatest common factor of 1524 and 12.
12
What is the highest common divisor of 200 and 22175?
25
What is the highest common divisor of 23246 and 64900?
118
Calculate the highest common divisor of 83 and 3403.
83
What is the highest common divisor of 142512 and 114?
6
Calculate the highest common factor of 350 and 4718.
14
What is the greatest common factor of 1380 and 140116?
92
Calculate the highest common divisor of 5633016 and 12.
12
What is the greatest common divisor of 178 and 1098527?
89
Calculate the highest common divisor of 1298304 and 49.
49
What is the greatest common factor of 210 and 811440?
210
Calculate the greatest common factor of 1004 and 1748.
4
Calculate the greatest common factor of 60926 and 328.
82
Calculate the highest common divisor of 546330 and 40.
10
Calculate the greatest common divisor of 78366 and 1332.
222
Calculate the greatest common divisor of 316 and 29862.
158
What is the greatest common factor of 923729 and 6834?
1139
What is the highest common divisor of 148 and 28046?
74
Calculate the greatest common factor of 10600 and 3074.
106
Calculate the highest common divisor of 15032 and 3048.
8
What is the highest common factor of 73 and 24909?
1
Calculate the greatest common factor of 21349 and 10386.
577
Calculate the highest common divisor of 140 and 43080.
20
Calculate the greatest common factor of 3624 and 112.
8
Calculate the greatest common divisor of 855 and 390830.
95
Calculate the highest common factor of 38092 and 13172.
356
What is the greatest common divisor of 2680 and 62712?
536
What is the greatest common factor of 16558 and 1054?
34
What is the greatest common factor of 464 and 86710?
58
Calculate the highest common divisor of 23546 and 854.
122
What is the greatest common factor of 343567 and 77?
7
What is the greatest common factor of 1060 and 1935560?
1060
What is the greatest common factor of 3 and 